{"id":5400,"date":"2024-07-01T11:46:30","date_gmt":"2024-07-01T14:46:30","guid":{"rendered":"https:\/\/ifdviedma-rng.infd.edu.ar\/sitio\/?page_id=5400"},"modified":"2026-04-16T10:19:30","modified_gmt":"2026-04-16T13:19:30","slug":"informes-finales-de-investigacion","status":"publish","type":"page","link":"https:\/\/ifdviedma-rng.infd.edu.ar\/sitio\/informes-finales-de-investigacion\/","title":{"rendered":"Informes Finales de Investigaci\u00f3n"},"content":{"rendered":"\n<!DOCTYPE html>\n<html lang=\"es\">\n\n<head>\n    <meta charset=\"UTF-8\">\n    <meta name=\"viewport\" content=\"width=device-width, initial-scale=1.0\">\n    <meta name=\"description\" content=\"P\u00e1gina de informes finales de investigaci\u00f3n del IFDV.\">\n    <meta property=\"og:title\" content=\"Informes Finales de Investigaci\u00f3n\">\n    <meta property=\"og:description\" content=\"P\u00e1gina de informes finales de investigaci\u00f3n del IFDV.\">\n    <meta property=\"og:type\" content=\"website\">\n    <meta property=\"og:url\" content=\"https:\/\/ifdviedma-rng.infd.edu.ar\/sitio\/\">\n    <meta property=\"og:image\" content=\"ruta\/a\/imagen.jpg\">\n\n    <title>Informes Finales de Investigaci\u00f3n<\/title>\n    <link rel=\"stylesheet\" href=\"https:\/\/stackpath.bootstrapcdn.com\/bootstrap\/4.5.2\/css\/bootstrap.min.css\">\n    <style>\n        :root {\n            --primary-color: #007bff;\n            --secondary-color: #f8f9fa;\n            --border-color: #ced4da;\n            --text-color: #333;\n            --text-light-color: #666;\n            --font-family: Arial, sans-serif;\n        }\n\n        body {\n            font-family: var(--font-family);\n            background-color: #f8f9fa;\n        }\n\n        h1 {\n            text-align: center;\n            color: var(--primary-color);\n            margin-top: 20px;\n            margin-bottom: 20px;\n        }\n\n        .informe {\n            margin-bottom: 20px;\n        }\n\n        .informe a {\n            display: flex;\n            align-items: center;\n            padding: 10px;\n            background-color: #fff;\n            border: 1px solid var(--border-color);\n            border-radius: 5px;\n            text-decoration: none;\n            color: var(--text-color);\n            transition: background-color 0.3s, color 0.3s;\n        }\n\n        .informe a:hover {\n            background-color: var(--primary-color);\n            color: #fff;\n        }\n\n        .icono {\n            font-size: 24px;\n            margin-right: 10px;\n        }\n\n        .descripcion {\n            font-size: 14px;\n            color: var(--text-light-color);\n        }\n    <\/style>\n<\/head>\n\n<body>\n    <nav class=\"navbar navbar-expand-lg navbar-light bg-light\">\n        <a class=\"navbar-brand\" href=\"#\">IFDV Informes<\/a>\n        <button class=\"navbar-toggler\" type=\"button\" data-toggle=\"collapse\" data-target=\"#navbarNav\" aria-controls=\"navbarNav\" aria-expanded=\"false\" aria-label=\"Toggle navigation\">\n            <span class=\"navbar-toggler-icon\"><\/span>\n        <\/button>\n        <div class=\"collapse navbar-collapse\" id=\"navbarNav\">\n            <ul class=\"navbar-nav ml-auto\">\n                <li class=\"nav-item\">\n                    <a class=\"nav-link\" href=\"#informes\">Informes<\/a>\n                <\/li>\n                <li class=\"nav-item\">\n                    <a class=\"nav-link\" href=\"#contacto\">Contacto<\/a>\n                <\/li>\n            <\/ul>\n        <\/div>\n    <\/nav>\n\n    <div class=\"container\">\n        <h1>Informes Finales de Investigaci\u00f3n<\/h1>\n\n        <div class=\"input-group mb-3\">\n            <input type=\"text\" class=\"form-control\" placeholder=\"Buscar informe...\" aria-label=\"Buscar informe\" aria-describedby=\"button-addon2\">\n            <div class=\"input-group-append\">\n                <button class=\"btn btn-outline-secondary\" type=\"button\" id=\"button-addon2\">Buscar<\/button>\n            <\/div>\n        <\/div>\n        <div class=\"informe\">\n            <a href=\"https:\/\/ifdviedma-rng.infd.edu.ar\/sitio\/wp-content\/uploads\/2026\/04\/Informe-Final_Relevamiento-de-juegos-ancestrales_Linares_Sepulveda.pdf\" target=\"_blank\" rel=\"noopener\">\n                <span class=\"icono\">&#x1f4da;<\/span>\n                Informe: Propuesta de Investigaci\u00f3n (estudio preliminar) Marzo de 2026\n            <\/a>\n            <p class=\"descripcion\">Informe sobre el juego como herramienta para una educaci\u00f3n intercultural 2026.<\/p>\n        <\/div>\n\n        <div class=\"informe\">\n            <a href=\"https:\/\/ifdviedma-rng.infd.edu.ar\/sitio\/wp-content\/uploads\/2024\/07\/INF_Informe_Actividad-de-investigacion_Clases-mediadas-por-tecnologia-digital_2024.pdf\" target=\"_blank\" rel=\"noopener\">\n                <span class=\"icono\">&#x1f4bb;<\/span>\n                Informe: Actividad de investigaci\u00f3n &#8211; Clases mediadas por tecnolog\u00eda digital 2024\n            <\/a>\n            <p class=\"descripcion\">Informe sobre la investigaci\u00f3n de las clases mediadas por tecnolog\u00eda digital en el a\u00f1o 2024.<\/p>\n        <\/div>\n\n        <div class=\"informe\">\n            <a href=\"https:\/\/ifdviedma-rng.infd.edu.ar\/sitio\/wp-content\/uploads\/2024\/07\/INF_La-Educacion-Fisica-y-los-saberes-de-las-situaciones.pdf\" target=\"_blank\" rel=\"noopener\">\n                <span class=\"icono\">&#x26bd;<\/span>\n                Informe: La Educaci\u00f3n F\u00edsica y los saberes de las situaciones\n            <\/a>\n            <p class=\"descripcion\">Informe sobre la relaci\u00f3n entre la Educaci\u00f3n F\u00edsica y el aprendizaje de situaciones.<\/p>\n        <\/div>\n\n        <div class=\"informe\">\n            <a href=\"https:\/\/ifdviedma-rng.infd.edu.ar\/sitio\/wp-content\/uploads\/2024\/07\/INF_Los-habitos-de-estudio-en-estudiantes-de-1er-ano-IFDCEF.pdf\" target=\"_blank\" rel=\"noopener\">\n                <span class=\"icono\">&#x1f4d6;<\/span>\n                Informe: Los h\u00e1bitos de estudio en estudiantes de 1er a\u00f1o &#8211; IFDCEF\n            <\/a>\n            <p class=\"descripcion\">Informe sobre los h\u00e1bitos de estudio de los estudiantes de primer a\u00f1o en IFDCEF.<\/p>\n        <\/div>\n\n        <div class=\"informe\">\n            <a href=\"https:\/\/ifdviedma-rng.infd.edu.ar\/sitio\/wp-content\/uploads\/2024\/07\/INF_Obstaculos-yo-dificultades-que.pdf\" target=\"_blank\" rel=\"noopener\">\n                <span class=\"icono\">&#x1f6a7;<\/span>\n                Informe: Obst\u00e1culos y dificultades que&#8230;\n            <\/a>\n            <p class=\"descripcion\">Informe sobre los obst\u00e1culos y dificultades enfrentados por las\/os docentes noveles.<\/p>\n        <\/div>\n\n        <div class=\"informe\">\n            <a href=\"https:\/\/ifdviedma-rng.infd.edu.ar\/sitio\/wp-content\/uploads\/2024\/07\/INF_Relevamiento-de-datos-sobre-la-continuidad-pedagogica_2020-2021_IFDCEF.pdf\" target=\"_blank\" rel=\"noopener\">\n                <span class=\"icono\">&#x1f4ca;<\/span>\n                Informe: Relevamiento de datos sobre la continuidad pedag\u00f3gica 2020-2021 &#8211; IFDCEF\n            <\/a>\n            <p class=\"descripcion\">Informe sobre la recopilaci\u00f3n de datos relacionados con la continuidad pedag\u00f3gica en IFDCEF durante los a\u00f1os 2020-2021.<\/p>\n        <\/div>\n\n        <div class=\"informe\">\n            <a href=\"https:\/\/ifdviedma-rng.infd.edu.ar\/sitio\/wp-content\/uploads\/2024\/07\/INF_Trayectorias-academicas-de-estudiantes-del-profesorado-en.pdf\" target=\"_blank\" rel=\"noopener\">\n                <span class=\"icono\">&#x1f393;<\/span>\n                Informe: Trayectorias acad\u00e9micas de estudiantes del profesorado en&#8230;\n            <\/a>\n            <p class=\"descripcion\">Informe sobre las trayectorias acad\u00e9micas de los estudiantes del profesorado de educaci\u00f3n f\u00edsica.<\/p>\n        <\/div>\n        <div class=\"informe\">\n            <a href=\"https:\/\/ifdviedma-rng.infd.edu.ar\/sitio\/wp-content\/uploads\/2024\/07\/INF_Habitando-nuevos-espacios-jovenes-que-ingresan-al-nivel-superior.pdf\" target=\"_blank\" rel=\"noopener\">\n                <span class=\"icono\">&#x1f4da;<\/span>\n                Informe: Habitando nuevos espacios &#8211; J\u00f3venes que ingresan al nivel superior\n            <\/a>\n            <p class=\"descripcion\">Informe sobre el impacto de los nuevos espacios en los estudiantes de nivel superior.<\/p>\n        <\/div>\n<div class=\"informe\">\n    <a href=\"https:\/\/ifdviedma-rng.infd.edu.ar\/sitio\/wp-content\/uploads\/2024\/11\/Informe-Final-Actividad-Investigacion-Deportes-Psicomotrices-2024_IFDC-VIEDMA.pdf\" target=\"_blank\" rel=\"noopener\">\n        <span class=\"icono\">&#x1f3c3;<\/span>\n        Informe: Propuestas metodol\u00f3gicas para el desarrollo de las habilidades motrices en el nivel primario\n    <\/a>\n    <p class=\"descripcion\">Informe sobre las propuestas metodol\u00f3gicas para el desarrollo de las habilidades motrices en el nivel primario.<\/p>\n<\/div>\n\n    <\/div>\n\n    <script src=\"https:\/\/code.jquery.com\/jquery-3.5.1.slim.min.js\"><\/script>\n    <script src=\"https:\/\/cdn.jsdelivr.net\/npm\/@popperjs\/core@2.9.2\/dist\/umd\/popper.min.js\"><\/script>\n    <script src=\"https:\/\/stackpath.bootstrapcdn.com\/bootstrap\/4.5.2\/js\/bootstrap.min.js\"><\/script>\n<\/body>\n\n<\/html>\n\n\n\n<p><\/p>\n","protected":false},"excerpt":{"rendered":"<p>Informes Finales de Investigaci\u00f3n IFDV Informes Informes Contacto Informes Finales de Investigaci\u00f3n Buscar &#x1f4da; Informe: Propuesta de Investigaci\u00f3n (estudio preliminar) Marzo de 2026 Informe sobre el juego como herramienta para una educaci\u00f3n intercultural 2026. &#x1f4bb; Informe: Actividad de investigaci\u00f3n &#8211; Clases mediadas por tecnolog\u00eda digital 2024 Informe sobre la investigaci\u00f3n de las clases mediadas por &#8230; <a title=\"Informes Finales de Investigaci\u00f3n\" class=\"read-more\" href=\"https:\/\/ifdviedma-rng.infd.edu.ar\/sitio\/informes-finales-de-investigacion\/\" aria-label=\"More on Informes Finales de Investigaci\u00f3n\">[+]<\/a><\/p>\n","protected":false},"author":194,"featured_media":0,"parent":0,"menu_order":0,"comment_status":"closed","ping_status":"closed","template":"","meta":[],"acf":[],"_links":{"self":[{"href":"https:\/\/ifdviedma-rng.infd.edu.ar\/sitio\/wp-json\/wp\/v2\/pages\/5400"}],"collection":[{"href":"https:\/\/ifdviedma-rng.infd.edu.ar\/sitio\/wp-json\/wp\/v2\/pages"}],"about":[{"href":"https:\/\/ifdviedma-rng.infd.edu.ar\/sitio\/wp-json\/wp\/v2\/types\/page"}],"author":[{"embeddable":true,"href":"https:\/\/ifdviedma-rng.infd.edu.ar\/sitio\/wp-json\/wp\/v2\/users\/194"}],"replies":[{"embeddable":true,"href":"https:\/\/ifdviedma-rng.infd.edu.ar\/sitio\/wp-json\/wp\/v2\/comments?post=5400"}],"version-history":[{"count":9,"href":"https:\/\/ifdviedma-rng.infd.edu.ar\/sitio\/wp-json\/wp\/v2\/pages\/5400\/revisions"}],"predecessor-version":[{"id":6287,"href":"https:\/\/ifdviedma-rng.infd.edu.ar\/sitio\/wp-json\/wp\/v2\/pages\/5400\/revisions\/6287"}],"wp:attachment":[{"href":"https:\/\/ifdviedma-rng.infd.edu.ar\/sitio\/wp-json\/wp\/v2\/media?parent=5400"}],"curies":[{"name":"wp","href":"https:\/\/api.w.org\/{rel}","templated":true}]}}